+ 5*l**2 + 2*l**3 - 24*l. Let j(i) = 11*m(i) - 6*s(i). Give j(-13).
17
Let f(c) = -c**2 + 11*c - 9. Let d be 1*(-11*1/(-4))/((-36)/(-144)). Calculate f(d).
-9
Let u be 1038/(-1211)*7/2. Let p(o) = -o**3 - 4*o**2 + 2. Give p(u).
-7
Let l(n) = -n**2 + 9*n - 7. Let o be l(7). Let g(k) = 30*k + 27*k + 8*k**2 - k**3 - 11*k - 52*k - 3. Determine g(o).
4
Let c = 462 + -872. Let f = -403 - c. Let j(y) = -y**2 + 7*y - 3. What is j(f)?
-3
Let d be (130/10)/((-2)/((-2)/(-1))). Let h(n) = 12*n + 16. Let u be h(d). Let x be 8*8/(-10) + 84/u. Let f(w) = w**3 + 7*w**2 - 2*w - 7. What is f(x)?
7
Let q(m) be the second derivative of 7*m**5/30 + m**4/12 - m**3/6 - 31*m**2/2 - m + 27. Let s(v) be the first derivative of q(v). Determine s(1).
15
Let u(b) = -15 + 11*b - 2*b - 11*b + 1. Let c be 26/(-2) + (4 - -3). Calculate u(c).
-2
Let f(n) = -5*n**3 - 2301*n**2 - 101*n - 224. Let g(p) = p**3 + 419*p**2 + 20*p + 45. Let w(l) = 2*f(l) + 11*g(l). Give w(-5).
7
Let a = -1480 + 1472. Let b(p) = 12 - 8 - 2*p - 11. What is b(a)?
9
Let k(y) = -54*y - 89*y - 86*y + 185*y - 1. Give k(1).
-45
Suppose 92 = -42*f + 173 + 45. Let j(y) = y**3 + y**2 - 12*y + 1. Determine j(f).
1
Let f(k) be the second derivative of k**5/10 - k**4/4 - k**3/3 + 5*k**2/2 + 94*k - 11. What is f(3)?
26
Let n(p) = -13*p**3 - 7*p**2 + 13*p - 2. Let b(q) = 18*q**3 + 11*q**2 - 20*q + 4. Let r(a) = -5*b(a) - 7*n(a). Calculate r(4).
-2
Let q(w) = w**3 + 5*w**2 + 7*w + 11. Let f = 3948 - 3954. Calculate q(f).
-67
Let i(p) be the second derivative of p**4/6 - 2*p**3/3 + 15*p**2/2 + 2465*p. Calculate i(5).
45
Let a(x) = 32*x**3 - 26*x**2 - 74*x + 131. Let k(o) = -23*o**3 + 17*o**2 + 50*o - 87. Let v(h) = -5*a(h) - 7*k(h). Calculate v(-8).
-14
Let y(x) = -x**3 - 19*x**2 + 7. Let d be (-8)/(-1)*(-25)/(-100). Suppose 2*b + 4*h = -18, d*b = -4*h + 7*h - 53. Give y(b).
7
Suppose -249*l + 255*l - 36 = 0. Suppose -4*j - 4*z + l = 2, 0 = 3*z. Let v(m) be the second derivative of -m**4/12 - m**3/6 + m**2/2 - m. Determine v(j).
-1
Let h(u) be the first derivative of 2*u**3/3 - 19*u**2 - 705. Calculate h(19).
0
Let u(s) = 4*s + 19. Let d(a) = -a**3 + 6*a**2 + 52*a + 28. Let i be d(11). What is u(i)?
-1
Let m(a) = -a**3 - 29*a**2 + 12. Let l(u) = -u**3 + 26*u**2 - 170*u + 131. Let d be l(16). Determine m(d).
12
Let y(b) be the third derivative of -7*b**4/24 - b**3 + 2*b**2 + 516*b. Give y(-6).
36
Let f = 214 + -214. Let p(m) = 6 - 8*m + 0 + f + 6*m. Calculate p(5).
-4
Let b(t) = -3*t**2 + 12*t - 14. Let d be b(1). Let c(q) = q**3 + 6*q**2 + q - 27. Let j be c(d). Let p(y) = -y**3 - 6*y**2 + 9*y + 4. Determine p(j).
-10
Let r = 9255 + -9256. Let m(d) = 5*d**2 - 2*d - 2. What is m(r)?
5
Let m(x) be the second derivative of -x**3/2 + 3*x**2 + x - 23. Suppose -10*g = -13*g. Suppose -2*f + 5 = 3*o, 3*f + 4*o - 8 + g = 0. Determine m(f).
-6
Suppose -y + 13*z - 18*z = 383, 0 = 4*z. Let i = -385 - y. Let m(w) = -3*w**2 + 3*w**2 - 3*w**2 + 2. Determine m(i).
-10
Let u(a) be the first derivative of -a**4/4 + 23*a**3/3 + 21*a**2/2 + 11*a + 11115. Give u(24).
-61
Let o(l) be the third derivative of -11*l**4/12 + 49*l**3/6 + 6941*l**2. Give o(2).
5
Let z(h) = 8*h**2 - 152*h - 3. Let g(n) = -9*n**2 + 152*n + 35. Let b(c) = 2*g(c) + 3*z(c). Calculate b(25).
11
Let p(r) be the third derivative of r**4/24 - 11*r**3/6 + r**2. Let b(n) = 3*n**2 - 29*n + 110. Let f be b(7). Suppose -99 = f*l - 65*l. Give p(l).
-2
Let r(i) be the first derivative of -i**5/20 - 5*i**4/12 + i**3/6 + 2*i**2 + 110*i + 48. Let n(v) be the first derivative of r(v). Determine n(-4).
-16
Let g(i) = -i + 1. Let m(b) be the third derivative of b**4/4 - b**3/2 + 200*b**2. Let s(z) = -3*g(z) - m(z). Give s(-3).
9
Let v be 1 + 17*1/1. Let a = -16 + v. Suppose -3*q + 3 = -a*q. Let t(n) = -3*n. Give t(q).
-9
Let o(d) = 1640*d**2 - 8 - d**3 - 1631*d**2 + 2081*d - 2090*d. Let g(c) = 8*c. Let u be g(1). What is o(u)?
-16
Let p(r) = 4*r**3 + 2*r**2 + 2. Let n be p(1). Let c(x) = -x**3 + 9*x**2 - 3*x - 12. Give c(n).
28
Suppose 127*b - 12 = -146 + 7. Let g(j) = 2*j**2 - 1 + j + 1 + 12*j**3. Calculate g(b).
-11
Let d = -5 + 11. Let t(i) = 0*i + 1 + 1 - d*i + 3*i. Let u = -161 + 165. Give t(u).
-10
Let u(a) = 7*a**2 + 37*a + 5. Let q be u(-5). Let h(l) = -l**2 - 8*l - 11. Give h(q).
4
Let n(l) be the third derivative of l**6/120 + 7*l**5/30 + 2*l**4/3 + 37*l**3/6 - 2762*l**2. Calculate n(-13).
-2
Let y(a) be the first derivative of -12*a - 11 + 9/2*a**2 - 3*a**3 - 1/4*a**4. Determine y(-10).
-2
Let w(j) = -60 + 29 - 5*j - j**2 + 2*j**2 + 31. Let u(l) = 29*l**2 - l + 1. Let p be u(1). Suppose 3*c + 5*i - p = -4, i - 7 = -c. Determine w(c).
0
Let a(z) be the third derivative of z**4/8 - 3*z**3/2 + 25*z**2. Let u = -162 - -167. Calculate a(u).
6
Let g(q) = -q**2 - 5*q - 44. Suppose -68 = 7*c + 6*c + 23. Give g(c).
-58
Let f(u) be the second derivative of u**5/5 - u**4/4 - 4*u**3/3 - 7*u**2/2 - 235*u - 6. Calculate f(-1).
-6
Suppose -66 = 5*p - 76. Suppose -p*v + 214 = -60. Suppose -v*y + 6 = -140*y. Let s(d) = d. Give s(y).
-2
Let x(b) be the second derivative of b**5/20 + 11*b**4/4 + 29*b**3/6 - 53*b**2 + 1529*b + 3. Give x(-32).
-10
Let t be (-3)/((-1)/(6/9)). Let d(q) = q**2 + 12*q + 22. Let u be d(-2). Let j(b) = 8 - u*b + 15 + b**2 - 24. Give j(t).
-1
Let v(x) = -117*x - 588. Let s(a) = -a**3 - 70*a**2 + 64*a - 502. Let g be s(-71). Calculate v(g).
-3
Let w(b) = -4*b + 11. Let s be (0 + 0 + -1)*4. Let k(q) = q + 366. Let p(g) = 67. Let o(v) = 2*k(v) - 11*p(v). Let m(z) = s*w(z) - 9*o(z). Calculate m(-5).
11
Let p = 2 - -13. Let g be 69/p + (-4)/(-10). Let x(v) be the third derivative of v**5/60 - v**4/6 - v**3/2 + v**2 - 4987*v. What is x(g)?
2
Let y(a) = 7*a - 42. Let l be y(6). Let n(p) = 3*p - 4*p + 13 + 12 + l*p + 2. Give n(18).
9
Let s(h) = -3*h - 12. Let c(r) = 4*r + 17. Suppose 11 = -7*q - 24. Let a(f) = q*c(f) - 7*s(f). What is a(8)?
7
Let t(d) = -14*d**2 - 4*d + 2. Let r = -3360 + 3361. Calculate t(r).
-16
Let g = -34 - -51. Suppose -g*n - 28 = -21*n. Let v(a) = a - 5 - 3*a + n - 1. Give v(5).
-9
Let g(t) be the second derivative of 2*t**2 - 5/3*t**3 - 2 + 23*t + 1/12*t**4. Give g(10).
4
Suppose -70 = d - 11*d. Let j(y) = 0*y + d*y - y - 4*y + y**3 - 5. Determine j(0).
-5
Suppose u - 72 = -52. Let x(r) = 3*r - 39 - r + u + 25. What is x(-7)?
-8
Suppose -4*r - 4 = 0, 4*j + 2 = 8*r - 6*r. Let t(k) be the first derivative of 9*k**3 + k + 7. Calculate t(j).
28
Suppose 0 = 14*h - 6358 + 548. Let x(o) = -415 + 6*o + h. What is x(1)?
6
Let q be (-4)/(-8) - 25/(-2). Let z(g) = q*g - 2 + 8*g - 4 - 20*g. Let n be (-2)/6 - 1/(-3). Give z(n).
-6
Let q be (-5)/2*(-8 + 0). Suppose 0 = -q*j + 18*j + 82. Let p(i) = -24 + j - i - 25. What is p(0)?
-8
Let b(p) be the first derivative of 3*p**2/2 + 180*p - 7574. Give b(-60).
0
Suppose -33*j = -4*u - 28*j + 104, -j + 104 = 4*u. Let y(t) = -15*t - 33*t + u*t. What is y(-1)?
22
Let c(h) be the first derivative of h**4/4 + 7*h**3/3 + 7*h**2/2 + 8*h - 2. Let y be 0/((-3)/9*-6). Suppose y*t + 24 = -4*t. Calculate c(t).
2
Suppose -2 + 11 = 3*v. Suppose -3*t + 5*q + 4 = 0, -t - 4 = 2*q - 5*q. Let a(g) = -4*g - 7*g + 3 + t*g - 4. Determine a(v).
-10
Let x(r) = 5*r - 3. Suppose -28 = 268*f - 275*f. Suppose -20 = -f*y - 3*i, 15 = 3*y - 3*i + 21. Give x(y).
7
Suppose -16387*v = -4*k - 16382*v - 66, 0 = 2*k + 2*v - 30. Let j(i) = -i + 1. Let s(r) = 20*r**2 - 3*r + 4. Let t(c) = 5*j(c) - s(c). Give t(k).
-21
Let k(m) = 11*m**3 - 6*m + 9. Let v(o) = -76*o**2 + 37*o**2 + 38*o**2 + 2*o**3 + 1. Let y(c) = k(c) - 5*v(c). Calculate y(-6).
4
Suppose 6*b = 9 - 3. Let y be (-21)/(-12) + 3/12. Let t(f) = 1 + 27*f**3 - f**2 + 0*f**y + 2*f**2 - f - 17*f**3. Give t(b).
11
Let r(m) = m**3 + 10*m**2 - 18*m + 65. Let f be (-14 + 0)*(-61)/(5551/(-78)). What is r(f)?
-7
Let w(x) = 3*x + x - x + 0*x + 1. Let m(j) = 1 + j**2 + 8 - 5*j - 10. Let p be m(5). Determine w(p).
-2
Let m be 12/22 - 323961/(-363). Let q = m - 902. Let c(v) = v**2 + 9*v + 12. Give c(q).
12
Let d(h) = 2*h**3 + 32*h**2 - 2*h + 27. Let r(l) = -l**3 - 6*l**2 - l. Let a(x) = d(x) + 3*r(x). Determine a(14).
-43
Let t(h) = 173*h + 175*h + h**2 - 95 + 181*h - 522*h. Give t(7).
3
Let s(d) = -27*d - 1915. Let j be s(-71). Let m(t) = -t**2 + 60*t - 113. What is m(j)?
3
Let l(s) be the third derivative